Let p be g(-6). Calculate the remainder when c(p) is divided by 27.
26
Let r(g) = g - 8. Let h be r(9). Suppose t - 24 = x, 4*t = -2*x + 18 + 60. Calculate the remainder when t is divided by h*(0 - -1) + 8.
3
Let i = 1487 - 1438. Suppose -z - z + 188 = 0. What is the remainder when z is divided by i?
45
Suppose 0 = 11*p - 8*p + 3*k - 288, 0 = 4*k - 24. What is the remainder when 1438 is divided by p?
88
Suppose 8*w = 7*w - 2*p + 33, 2*w - 36 = 2*p. Let a = 81 + -70. Let u = -6 + a. What is the remainder when w is divided by u?
3
Suppose 0 = t + 9 - 49. Suppose 221*h - 30182 + 4546 = 0. What is the remainder when h is divided by t?
36
Suppose p + 2*v + v + 56 = 0, -120 = 3*p - 3*v. Let j = p - -77. Suppose -4*r - 4 = -m, -7*r = -4*m - 8*r + j. What is the remainder when m is divided by 8?
0
Suppose 4*v - 8 = 6*v + h, -v - 2*h = 4. What is the remainder when 38 is divided by 1 - (v/10 - (-441)/(-35))?
10
What is the remainder when 1381 is divided by (60 - (3 - (-14 + 9))) + 11?
58
Let y(u) = -u**2 - 7*u + 12. Let h be y(-9). Let k be (-622)/(-8) - h/((-96)/(-4)). Let j = -17 + k. Calculate the remainder when j is divided by 9.
7
Suppose -c = -4*h + 855, 0 = 5*h - 0*c + 2*c - 1072. Let v = -36097 + 36133. Calculate the remainder when h is divided by v.
34
Let i(p) = 10*p**3 + 3*p**3 + 13 - 7*p**2 - 8 + 11*p**3. Calculate the remainder when i(3) is divided by 54.
50
Let h(c) = -c**3 - 34*c**2 + 7*c + 125. Calculate the remainder when h(-35) is divided by 41.
39
Calculate the remainder when (6/(-2) - 0)*1829*20/(-60) is divided by 605.
14
Suppose 5*d - 15 = -5*b, -1 = -b - 3*d - 4. What is the remainder when (1 - (-1 + -7))*b is divided by 11?
10
Let c(m) = -m**3 + 5*m**2 + 5*m - 1. Suppose -2*d = -6 + 14. Let q be c(d). Let f = -29 + q. Calculate the remainder when f is divided by 32.
30
Suppose -311724 = -113*t - 98*t - 41*t. Calculate the remainder when t is divided by 124.
121
Let w(p) = 3*p**3 - p**2 - 24*p + 7. What is the remainder when 500 is divided by w(5)?
26
Let j(s) = 4*s**2 - 39*s - 47. Calculate the remainder when 215 is divided by j(12).
32
Let g(p) = 42*p**2 - 701*p - 41. What is the remainder when 493 is divided by g(17)?
133
Let b(x) = 17*x**2 + 14*x - 19. What is the remainder when 146 is divided by b(2)?
69
Let f = 21 + 106. Suppose f*t = 125*t + 104. What is the remainder when t is divided by 14?
10
Let y = -67643 + 67662. Suppose 4*f = 3*f + 90. What is the remainder when f is divided by y?
14
Suppose -98020 = -244*j - 82*j - 12*j. What is the remainder when j is divided by 219?
71
Let j = 463 - 465. Suppose -12 = -h - x, -x - 2*x + 6 = 0. Calculate the remainder when 2/((-10)/(-225)) - j is divided by h.
7
Suppose -21417 = -316*i + 305*i. Suppose -i + 435 = -56*w. Calculate the remainder when 239 is divided by w.
23
Let z be (129*6/54)/((-1)/3). Let h = z + 4. What is the remainder when -1 + (26/h - (-596)/3) is divided by 40?
37
What is the remainder when 92 is divided by (-1)/(-13) - 26950/(-4550)?
2
Suppose 0 = -o - x - x - 226, -4*x + 256 = -o. Let j = 290 + o. What is the remainder when j is divided by 24?
6
Let g(x) = -154*x - 2592. Calculate the remainder when 1293 is divided by g(-17).
19
Let l(b) = -b**2 + 5*b + 11. Let t be l(5). Let d(f) = f**2 - 10*f - 8. Suppose 0 = -10*o + 184 - 84. What is the remainder when o is divided by d(t)?
1
Let h(c) = 657*c**2 + 18*c + 6. What is the remainder when h(-1) is divided by 27?
24
Suppose 3745 + 9023 = 20*t + 92*t. What is the remainder when 397 is divided by t?
55
Calculate the remainder when (19 + 762/(-18))*-6 is divided by 54.
32
Suppose -2279 = -5*a - 16*l + 17*l, 3*a + l = 1361. Calculate the remainder when a is divided by 446.
9
Suppose 3*q - 4*q = -1. Let g(b) = 165*b + 1346. Calculate the remainder when (-8)/(q/(-50)*4) is divided by g(-8).
22
Let s(v) = 4*v**2 + 9 + 0*v**2 - 22 - v**3 + 5*v. Let q be s(4). Let x = 23 - q. Calculate the remainder when 45 is divided by x.
13
Let r be -12*7/(-2)*4. Let d = -136 + r. What is the remainder when d is divided by 17?
15
Suppose -200118 - 811796 = -542*x. Calculate the remainder when x is divided by 304.
43
Suppose 110 = 3*d + 23. Let j(z) = 5*z**2 + 565*z + 11569. Calculate the remainder when j(-26) is divided by d.
27
Suppose 0 = -2*c + 5*f + 94, 5*c = 3*f + 16 + 238. Suppose -5*l = -23 - 117. What is the remainder when c is divided by l?
24
Let s(i) = i**2 + 6*i - 6. Suppose 3*o = 4 + 26. Let l be s(o). Let t = l + -90. Calculate the remainder when t is divided by 24.
16
Let x(t) = -14*t**3 - 15*t**2 + 5*t + 11. What is the remainder when x(-3) is divided by 82?
75
Suppose -13*m + 1404 = -546. Calculate the remainder when m is divided by 76.
74
Suppose 0 = 17*q + 484 - 5992. Let y = -229 + q. What is the remainder when y is divided by 24?
23
Let k(u) = 2*u**2 - 2*u + 2. Let x be k(1). Suppose 0 = -2*y + 4*m + 38 - x, 5*m - 9 = -2*y. Calculate the remainder when 12 is divided by y.
0
Let k(a) = 555*a - 58. Calculate the remainder when k(1) is divided by 129.
110
Suppose 4*d - 84 = 3*u + 37, -4*d - 51 = u. Let s(z) = -4*z - 119. Calculate the remainder when 151 is divided by s(u).
45
Let f = 11206 - 11034. Let c = -109 - -158. What is the remainder when f is divided by c?
25
Let t = 4692 + -1738. Calculate the remainder when t is divided by 102.
98
Let q(l) = l**2 - 3*l - 7. Let p be q(5). Calculate the remainder when -8 + p + 2 - (1 - 71) is divided by 10.
7
Suppose -135*v = -155*v + 1040. Calculate the remainder when 70 is divided by v.
18
Let i(n) = n**2 - n. Let z = 2 - 1. Let s be i(z). Suppose -3*b - 3*o + 3 = -0*o, s = 5*o + 5. Calculate the remainder when 8 is divided by b.
0
Let y(i) = i**3 + i**2 - i + 15. Calculate the remainder when y(7) is divided by 105.
85
Let f = 980 - 960. Let d = 121 - 43. Calculate the remainder when d is divided by f.
18
Let a = -663 + 168. Let v = 503 + a. What is the remainder when 38 is divided by v?
6
Suppose 12 = -7*r + 10*r. Suppose o - r = -2*q - 10, -o + 3 = -q. Calculate the remainder when 40 is divided by (-43)/q + 4/(-12).
12
What is the remainder when 68 + 2/(-2)*2 is divided by 9/6*952/204 + 28?
31
Let v = 450 + -205. Suppose 3*u - 286 = v. What is the remainder when u is divided by 60?
57
Let w be ((-6)/(-5))/((-2)/(-5)). Suppose 5*o - 18 - 82 = 0. Suppose w*n = 3*y + 47 - o, -21 = -n + 4*y. Calculate the remainder when 11 is divided by n.
1
Let m(s) = -59*s + 3192. What is the remainder when 383 is divided by m(52)?
11
Let d(o) = 9*o + 27. Let m be d(-3). Suppose i - 26 + 7 = m. What is the remainder when 44 is divided by i?
6
Suppose 4*d = -4*z + 1680, -z - 4*d + 303 = -108. Calculate the remainder when z is divided by 61.
57
Suppose -o + 1 = x, 3*o = 2*x - 4*x. Let w(j) = 3*j + 24. Let z(l) = l - 1. Let v(k) = w(k) + 18*z(k). Calculate the remainder when v(x) is divided by 36.
33
Let g be 5 + (-332)/68 - 16773/(-51). Let x = -141 + g. Calculate the remainder when x is divided by 49.
41
Let t(n) = 4*n**3 - 13*n**2 - 6*n + 8. What is the remainder when 2363 is divided by t(4)?
27
Let d(m) = 5*m**2 - 3*m + 2. Let p(t) = -t**2 - 57*t - 537. Let s be p(-45). What is the remainder when s + 4 + (9 - 5 - -66) is divided by d(2)?
13
Suppose -166*q = -168*q + 52. Let a be (-50)/(-4)*(3 - 1). Suppose 5 = -2*z + a. Calculate the remainder when q is divided by z.
6
Suppose 3*v - 46 - 17 = 0. Let i be (-2 - (-1)/2)*104/(-12). Suppose -v = -2*m + i. Calculate the remainder when 31 is divided by m.
14
Let s = -44 - -47. Let u be (-5)/(-30) + (-10617)/(-18). Suppose -4*r + s*t = -2*t - u, -721 = -5*r - 2*t. What is the remainder when r is divided by 50?
45
Let c = 171 - -73. Suppose 0 = -4*a + 3*a + c. Calculate the remainder when a is divided by 31.
27
Let k = -7294 - -8580. What is the remainder when k is divided by 27?
17
Let u be (-2)/((-12)/18 - 0). Suppose u*k = 2*w - 0*k - 36, 4*w = -k + 86. Calculate the remainder when w is divided by 8/(-20) - (-64)/10.
3
Suppose -9*d + 987 = 195. Suppose -46*w = -24*w - d. Calculate the remainder when 14 is divided by w.
2
Suppose u = 6*p - 3*p + 2, -36 = -2*u - 2*p. Let j = -60 + 78. What is the remainder when j is divided by u?
4
Suppose 3*t + 8 - 2 = 2*w, -5*t + 6 = 2*w. Suppose t = -2*p - 0*p + 108. Let k(a) = -11*a**3 + 55*a**2 + 55*